 - 12 = -2*l - 5*h, 0 = 3*h + 9. Let z be (9/l)/((-4)/(-48)). What is the highest common divisor of z and 12?
12
Let h be 6*72521/1974 - 6/14. Let m be 1*(103 + -1 + -2). What is the greatest common factor of m and h?
20
Let b(l) = -l**2 - 313*l + 1598. Let m be b(5). Calculate the greatest common factor of 1772 and m.
4
Let d be (-6)/21 + (-135)/(-7). Suppose 97*o - 1273 = -28*o + 58*o. Calculate the greatest common divisor of d and o.
19
Let p(k) = 74*k**3 + 2*k**2 + k - 3. Let d be p(1). Suppose -d = -3*y + 142. Let v = -7 - -15. Calculate the greatest common factor of y and v.
8
Suppose 7*k + 260 = 27*k. Suppose 121 = -4*v + 1317. Calculate the greatest common factor of k and v.
13
Suppose -5*b + 2313 + 4772 = 0. What is the greatest common divisor of 26 and b?
13
Suppose -481*f + 1350 = -476*f. Calculate the highest common divisor of 2610 and f.
90
Suppose 2*v - 5018 - 2787 = -i, -2*i + 19510 = 5*v. Calculate the greatest common divisor of v and 450.
150
Let f(y) = -6*y + 3. Let h be f(0). Suppose 3*j - h*u = -0*j + 1152, 4*u + 766 = 2*j. Suppose 3*x + 2*x = j. What is the highest common divisor of x and 7?
7
Suppose -3*i - 169 = -n - 1260, 6 = -3*n. Calculate the greatest common divisor of i and 3751.
121
Suppose 715 = 9*m - 869. Let o = 198 - m. What is the greatest common divisor of 308 and o?
22
Let w(d) = 2*d**2 - 3. Let l be w(2). Suppose -5*b - 2*s + 248 = 0, -3*b + 153 = 2*s - l*s. Calculate the highest common factor of b and 25.
25
Let w be -2 - ((-1)/((-33)/6) - (-67543)/(-77)). Calculate the highest common divisor of w and 2975.
175
Suppose 7*m - 3 + 10 = 0. Let p be (-1 - -75)*1 - m/1. Let y(q) = -q**3 - 7*q**2 + 7*q + 7. Let i be y(-8). Calculate the greatest common divisor of i and p.
15
Let i(q) = -4*q**2 - 3*q**2 - 6*q + 0*q**3 + 4 - q**3. Let n = -1666 - -1660. Let d be i(n). What is the highest common factor of d and 32?
4
Let y = 28779 - 28695. What is the greatest common factor of y and 12390?
42
Suppose 0 = -2*l - 8*j + 12*j + 28, -2*l + 3*j = -23. Let d be ((-642)/4)/(-1)*(-16)/(-6). What is the greatest common divisor of l and d?
4
Suppose 0*x = 4*x - 24. Let c be (-16)/10*((-1167)/6 - 3). Let m = c - 292. What is the greatest common factor of x and m?
6
Let b = -4055 - -4075. Calculate the greatest common divisor of b and 25.
5
Suppose -20918 - 6337 = -148*y + 42601. Calculate the greatest common factor of 72 and y.
8
Let y(u) = u**3 - 7*u + 2. Suppose 36*d + 12 = 39*d. Let j be y(d). What is the highest common factor of j and 608?
38
Let r(v) = -128*v - 4. Let c(d) = -385*d - 14. Let w(j) = 2*c(j) - 7*r(j). Let z be w(1). What is the highest common factor of z and 18?
18
Let b(q) = -q - 3. Let g be b(-6). Suppose -113 - 54 = -g*v + 2*k, 3*v - 4*k - 163 = 0. Suppose -9 + v = d. Calculate the greatest common divisor of 24 and d.
24
Let g be -1 + 44/1 - 13. Calculate the highest common factor of g and 66.
6
Let b be -5 + (3 - -9) - 7. Suppose -3130 = -10*m + 5*m - 4*q, -4*m - 4*q + 2500 = b. What is the greatest common factor of m and 84?
42
Suppose 0 = a + 764 - 143. Let t = 1056 + a. Suppose -3*j = -t + 30. Calculate the greatest common factor of j and 15.
15
Let m(c) = 3*c - 1. Let t be m(-6). Let k be (-4565)/(-166) + 1/2. Let w = k + t. What is the highest common divisor of 9 and w?
9
Let k be (-8 - -2) + 3*2. Suppose k = -w - 106 + 117. What is the highest common divisor of 121 and w?
11
Suppose -1305*l = -1291*l - 2436 - 252. Suppose -2*s + 166 = 22. Calculate the highest common factor of l and s.
24
Let d(s) = -139*s - 166. Let b be d(-4). What is the highest common divisor of b and 104?
26
Let z(w) = -2*w**2 + 11*w + 20. Suppose 0*p + 4*q = -2*p, -4*p = 2*q - 18. Let x be z(p). What is the highest common divisor of x and 280?
14
Let j be 1 - (4/14 + 96/(-42)). Suppose j*x - 4*o = -x + 44, -5*x - 4*o + 64 = 0. Calculate the greatest common factor of x and 84.
12
Let k be ((-14 - 24)/19)/((-228)/(-117) + -2). Let g(u) = 4*u**2 - 3*u - 1. Let p be g(3). What is the highest common divisor of p and k?
13
Let j = -35633 - -50753. What is the highest common divisor of 160 and j?
80
Let u(h) = 54*h + 111. Let z(r) = 2*r - 1. Let g(a) = u(a) + 15*z(a). Let n be g(4). What is the greatest common factor of n and 32?
16
Let l = 932 - 653. Suppose -2*a - 79 = -l. Calculate the greatest common factor of 40 and a.
20
Let k be ((-3)/2)/(24/(-32)). Suppose 6*q + 220 = k*q. Let f be (408/9)/(q/15 + 4). Calculate the highest common factor of f and 8.
8
Suppose 0 = -3*g - 2*a + 401, 21*a = 22*a - 1. What is the greatest common factor of 5187 and g?
133
Let s(w) be the third derivative of -w**6/30 + w**5/15 - w**4/12 - 2*w**3 + 37*w**2 + 3*w. Let m be s(-2). What is the greatest common divisor of 100 and m?
20
Let z = 128 - 126. Suppose -l + 52 + 15 = i, 4*l = -z*i + 258. Calculate the greatest common divisor of 186 and l.
62
Let o be -24*((7/6 - 1) + 462/(-36)). Calculate the highest common divisor of o and 2720.
16
Let p = 446 - 494. Let f = p + 103. Calculate the highest common factor of f and 11.
11
Let n be (646 - (-7 - -6)) + 6/3*2. What is the highest common factor of n and 105?
21
Suppose -5*l + x + 23 = 0, l + 2*x = 14 - 5. Suppose 0 = -l*i + i + 220. Suppose 2*d + 11 = i. What is the greatest common divisor of d and 11?
11
Suppose -91*p + 83*p + 939 - 19 = 0. Calculate the greatest common factor of 1495 and p.
115
Suppose -3*z + 77 = 8*z. Suppose -2*k + 11 = z. Suppose k*i - 3*r = -2*r + 131, -5*i + 5*r = -335. What is the highest common factor of i and 16?
16
Let w(i) = 2*i + 7. Let t be w(-2). Suppose 0 = 4*l - t*g - 127, 5*l = 10*l - g - 145. Calculate the greatest common divisor of l and 28.
28
Let r = -17 - -22. Suppose r*n + 4*i + 102 - 299 = 0, -2*i = -5*n + 179. Let p be (-8280)/(-75) - (-3)/5. Calculate the highest common divisor of p and n.
37
Suppose 4*o + 5*n - 805 = 0, o - 6*n - 175 = -11*n. What is the greatest common divisor of o and 21490?
70
Suppose -4*k + 2*r = -1614, -16*r - 14 = -14*r. Calculate the greatest common factor of k and 2225.
25
Let f be 5*(104/5 + 2). Let q = -75 + f. Let r = q - -45. What is the greatest common factor of 21 and r?
21
Let n(y) be the first derivative of -53*y**2/2 + 20*y + 125. Let z be n(-2). Let m be ((-8)/10)/((-4)/90). What is the greatest common divisor of z and m?
18
Let m be (-2)/((-3 - -1)/60). Suppose -19*l + 881 = 26. Calculate the highest common divisor of m and l.
15
Let w = 59 - 49. Let a be 5/2 + -2 - w/(-4). Let k(c) = 16*c - 5. Let y be k(a). What is the greatest common divisor of y and 473?
43
Let z(m) = 9*m**2 + 2*m - 1. Let r be z(1). Let f = -4971 - -5041. Calculate the highest common divisor of f and r.
10
Let o(p) = 3*p**2 + 11*p + 5. Let s be o(-5). Let m be 90/(-60) + (-406)/(-4). Let x = 100 + m. Calculate the highest common divisor of x and s.
25
Suppose 62*v + 1426 - 3658 = 0. Suppose 3*w - 684 - 288 = 0. Calculate the greatest common factor of v and w.
36
Suppose 29*n - 60 = 25*n. What is the highest common divisor of n and 2?
1
Let r(x) = -4*x + 23. Let u be r(4). Let z(b) = -b**3 + 9*b**2 - 8*b - 3. Let l be z(u). Calculate the greatest common factor of l and 6.
3
Let o be (241 - 247)/(-5 + -1). Let x(m) = -m**2 - 9*m - 9. Let z be x(-6). Let j = -1 + z. What is the highest common divisor of j and o?
1
Suppose -24 + 18 = -3*q. Suppose -q*b + 330 = b. Let d(l) = -7*l - 12. Let p be d(-8). Calculate the greatest common divisor of p and b.
22
Suppose -3*m - 2*m + 495 = 0. Let f be ((-8)/(-12))/(1/45). Let v be 334/f - 24/180. What is the highest common divisor of m and v?
11
Suppose 0 = 15*f - 2*f - 2*f. Suppose 33*t - 29*t + n - 849 = f, 0 = -5*n + 5. Calculate the greatest common factor of 4 and t.
4
Suppose -43 = -c + 4. Suppose u - 3*d = c, -4*u + 41*d - 39*d = -148. Calculate the greatest common divisor of u and 210.
35
Let w = 552 - 550. Suppose w*t = -2*y + 56, 0 = -5*y - 3*t + 41 + 103. Calculate the highest common factor of 40 and y.
10
Let k = -15817 + 15964. What is the highest common divisor of 81 and k?
3
Suppose -148*t + 143*t + 5110 = 0. Suppose -10*m + 12*m = t. What is the greatest common divisor of m and 7?
7
Let b(l) = -23*l - 65. Let r be b(-7). Let s(i) = -i**3 + 16*i**2 - 12*i + 19. Let p be s(15). Calculate the highe